 be v(-8). Let w(c) = -3 + 8*c - f*c + 3*c. Give w(3).
9
Let k(p) = 3*p**2 + p - 2. Let a = 752 + -754. Calculate k(a).
8
Suppose 587*b = 632*b - 90. Let i be 8/(-3)*6/(-4). Let y(s) = 2*s - 1 - 6*s + i + s**2. Calculate y(b).
-1
Suppose 4*n - r - 14 = n, 5*n + 5*r + 10 = 0. Let c(x) = 14 + 5*x - 7 - 6*x. Calculate c(n).
4
Let u(q) = -q**2 - 12*q - 14. Let p(o) = o**3 - 14*o + 4. Let n be p(3). Determine u(n).
-3
Let w(o) = o**2 + 6*o - 1. Let i be 2/(-10)*363 - (-8)/(-20). Let n = 69 + i. Determine w(n).
-9
Let i(g) = g**3 - 2*g**2 - 3*g - 5. Suppose 0 = -2*x - d + 13, 36 = -2*x + 6*x + 4*d. Calculate i(x).
15
Let m = 420 - 425. Let x(q) be the first derivative of 1/4*q**4 - q**2 - 7*q - 1 + 5/3*q**3. What is x(m)?
3
Let g(u) = -u**2 - u + 2*u**2 + 9 - 2*u**2. Let n(w) be the third derivative of w**5/60 - w**4/24 - w**3 + 17*w**2. Let x be n(-2). Determine g(x).
9
Let l be (1/(-3))/(4/(-12)). Let g be 2*l/(4/6). Let y(k) = -3 + 2*k**g + 2*k - k**3 + 2 - 4*k**2 - 3. Calculate y(4).
4
Let o(s) = -16 + 26*s - 17 - 12 + 48. What is o(1)?
29
Let n(t) = -8 - 6 + 15 - 2*t + 3*t - t**2 - 5. Determine n(-3).
-16
Let s(j) = -j**3 - 7*j**2 - 4*j + 1. Let f be -1*(-1 + 0)*0. Suppose q = -f*q - 6. Calculate s(q).
-11
Suppose -15*z - 7*z = -66. Let q(t) be the first derivative of 6*t - 3/2*t**2 - 1/3*t**z - 6. Determine q(-5).
-4
Let i(n) = 5*n + 25. Let h be i(-6). Let z = 11 + h. Let y(w) = -3*w**2 + 4*w + 3*w**2 - w**2 + 6. What is y(z)?
-6
Let c(d) = 18*d + 16. Let o be c(0). Let x(a) = a**2 - 17*a + 25. Calculate x(o).
9
Let z(d) = -8*d + 3. Suppose 0 = -3*u - 4*b - 4, 2 = -3*u - 8*b + 3*b. Give z(u).
35
Let y(u) = u + 6. Let r be y(0). Let k(c) = 11*c - c**2 - 4*c - 6 + 4 + r. Determine k(6).
10
Let t(m) = -15*m + 3. Let v(q) = -2*q**2 + 14*q + 18. Let g be v(8). Determine t(g).
-27
Let y be ((-62)/217)/((-1)/7). Let i(b) be the third derivative of 2*b**y - 5/6*b**3 + 1/24*b**4 + 0 + 0*b. Calculate i(6).
1
Let g(i) = -19*i - 8 + 14*i - 11*i - i**2 + 8*i. Give g(-7).
-1
Let v(l) = -4 - 13*l + 10 - 12*l + 26*l. Suppose -y - 5*f - 3 = -5, 5*y - f + 94 = 0. Let k = y + 13. Calculate v(k).
1
Let h(t) = -t**3 + 3*t**2 - t - 1. Let n(g) = -g**3 + 9*g**2 - 10*g - 23. Let r be n(7). Let q be r - (8/28)/(1/7). Give h(q).
-4
Let z(i) = i**3 + 7*i**2 + 6*i - 1. Suppose -26*y = -22*y + 24. Give z(y).
-1
Let d = 55 - 50. Let x(l) be the first derivative of -3*l**2 + 2 + 2/3*l**3 - 5*l. Give x(d).
15
Let b(m) = 7 + 5 + m - 5. Let u(i) = i**2 + 13*i + 15. Let c be u(-11). What is b(c)?
0
Let k(m) = -35*m - 6. Let v(u) = 38*u + 7. Let b(h) = 6*k(h) + 5*v(h). What is b(-1)?
19
Let n be (-96)/40*(21/(-6) + 1). Let s = 8 + -5. Let b(w) = -s - 8 + 8 + n*w. Determine b(3).
15
Let u(w) = w**3 + 4*w**2 - 10*w - 7. Let i be u(-6). Let x(d) = -d**2 - 19*d - 7. Determine x(i).
-7
Let w(t) = -t - 4*t + t**3 + 4*t**2 - t - 4. Suppose -5 = -2*y + 3*y. Give w(y).
1
Let a(c) = -636139 + 636139 - 7*c. Let h(p) = -2*p**3 + p. Let d be h(-1). What is a(d)?
-7
Let l(w) be the second derivative of -w**3/6 + 3*w**2/2 + 9*w - 1. Let d(i) = 6*i + 3. Let s be d(-2). Let j = -4 - s. Determine l(j).
-2
Let n(u) = 9*u**2 - 2*u - 1. Let t be -3 + (-1)/(-4)*8. Give n(t).
10
Let m(o) = -o**2 - 24*o - 134. Let y be m(-16). Let v(q) = q**3 + 4*q**2 - 14*q - 10. Determine v(y).
2
Let f(k) be the first derivative of -k**3/3 - 3*k**2 - 6*k + 25. Give f(-7).
-13
Let p(s) be the second derivative of s**5/20 - 5*s**4/6 - 3*s**3/2 - 12*s**2 - 467*s. What is p(11)?
-2
Let x(r) = r**3 + 4*r**2 + r - 2. Let y(m) = -m**3 - 10*m**2 - 2*m - 24. Let s be y(-10). Determine x(s).
-6
Let i(x) be the first derivative of 2*x**3 + 3*x**2/2 + x + 592. Give i(-2).
19
Suppose -2*q - 8 = -2*p, -p + 6*p - 3*q = 18. Let m(w) = -4*w**2 - 2*w - 4. Let l(g) = 5*g**2 + 2*g + 5. Let n(t) = 5*l(t) + 6*m(t). Give n(p).
4
Let o be 64/(-24) - (-1)/(-3). Let k = 8 - 12. Let i(r) = r. Let u(w) = w**3 + 3*w**2 + 2*w - 2. Let z(y) = k*i(y) + u(y). Calculate z(o).
4
Let d = 12 + -10. Let k be 1/d*(-4)/1. Let m be 15/(-6) - k/(-4). Let l(f) = f**2 + 3*f + 1. Give l(m).
1
Let c(s) be the third derivative of s**4/12 + 7*s**3/6 + 220*s**2. Calculate c(8).
23
Let o(f) = -5*f**2 - 3*f + 15. Let g(a) = 22*a**2 + 10*a - 61. Let w(m) = 2*g(m) + 9*o(m). Calculate w(-9).
-5
Let v(h) = -2 + 4*h - h**2 + 0*h + 2*h. Let j = 38 - 30. Suppose 4*q - 16 = -3*p, 0*q + 2*q - j = -p. Calculate v(q).
6
Let c(j) = -3*j. Let s = 113 + -110. Calculate c(s).
-9
Let b(z) = -2*z**2 + 2*z. Let c(p) = -3*p**2 + 12*p + 4. Let q(t) = 2*b(t) - c(t). Let o = 9 + -15. Calculate q(o).
8
Let r(q) = q**2 + 3*q - 6. Let g(h) = -h + 20. Let a be g(25). Determine r(a).
4
Let d(z) = 2*z + 12. Let u = 2883 - 2887. Give d(u).
4
Let g = 69 + -69. Let n be 8/(1 - 4/(-4)). Let x(p) = p**3 - 1 + 6*p**2 + p - n*p**2 - p**2. Give x(g).
-1
Let t be (49/14)/((-49)/(-28)). Let n(l) = -2*l**2. Calculate n(t).
-8
Let i(l) = -15*l - 734. Let y be i(-49). Let h(w) = -w + 3. Calculate h(y).
2
Let w(z) = 6*z**3 - 11*z**2 - 7*z - 3. Let f(k) = k**3 - 2*k**2 - k - 1. Let u(r) = 5*f(r) - w(r). What is u(2)?
-2
Suppose -2*h = 3*x - 73, 0 = 3*h + 2*h - x - 157. Suppose 5*n = 112 - h. Let m(a) = 8*a**2 + 3*a + 3*a**2 - n*a**2 - 4 + 6*a**2. Give m(-4).
0
Suppose -12*q - 23 - 25 = 0. Let n(z) = 3*z**3 - z**2 + 11*z + 1. Let u(x) = -2*x**3 - 6*x. Let g(s) = -3*n(s) - 5*u(s). Give g(q).
-7
Let t(i) be the first derivative of -7*i**2/2 - 5. Let r(x) = 2*x**2 - x. Let o be r(3). Suppose o*b + 2 = 17*b. What is t(b)?
-7
Let w(r) = 10*r**3 - 13*r**2 - 12*r + 12. Let f(y) = 28*y**3 - 39*y**2 - 35*y + 34. Let i(p) = -4*f(p) + 11*w(p). What is i(7)?
3
Let a be 5*(48/(-12) - -7). Let n(q) = q**3 - 13*q**2 - 29*q - 14. Calculate n(a).
1
Let q(x) = x + 6 + 7 + 4 - 18. Let s(o) = -o**2 - 2*o + 2. Let w(m) = 3*q(m) - s(m). What is w(-7)?
9
Let c = -5 + 12. Suppose 8 - 2 = 2*y. Let a(k) = 9*k + k**y - c*k**2 - 4 + k - 2*k. Calculate a(6).
8
Let q(n) be the third derivative of -n**6/360 + n**5/12 - n**4/4 + 4*n**3 - 24*n**2. Let a(g) be the first derivative of q(g). Calculate a(9).
3
Let o(j) be the first derivative of j**7/840 - j**6/72 - j**5/30 - j**4/3 - 12*j**3 + 29. Let a(l) be the third derivative of o(l). Give a(6).
4
Let t be (44/(-2))/(20/(-30)). Suppose -8 + t = -5*d. Let z(a) = -a**2 - 3*a - 1. Give z(d).
-11
Let f(n) be the second derivative of n**5/20 + n**4/6 - n**3/3 - 5*n**2/2 - 258*n. Calculate f(-3).
-8
Let n(t) = -t**3 - 6*t**2 - 7*t - 2. Let k = -2 + 2. Suppose -4*m - 16 = 2*y, -3*m - 5*y - 4 - 1 = k. Determine n(m).
8
Let n(k) = -k**3 + 9*k**2 + 2*k + 2. Suppose -3*x = 2*j - 15, 36 = -5*j - x + 80. Determine n(j).
20
Suppose -4*l - 4*a = 252, 5*l - 2*a + 226 = -82. Let r = -63 - l. Let f(z) = 12*z**2 + 2*z + 1. Calculate f(r).
11
Let o(x) = 8*x. Let y be 12/10*(-135)/54. Give o(y).
-24
Let c(w) be the second derivative of 7*w**5/40 + w**4/24 + 3*w**3 - 2*w. Let h(i) be the second derivative of c(i). Calculate h(-1).
-20
Let j(s) = -s**2 + 4*s - 3. Let n = 363 - 359. Calculate j(n).
-3
Let y be (-2)/19 - 0 - 1680/285. Let h(x) = x**3 + 5*x**2 - 3*x + 7. Determine h(y).
-11
Let c(d) = -51*d + 51. Let w(m) = -5*m + 5. Let z(n) = -2*c(n) + 21*w(n). Let v be 299/3 + (-24)/(-18). Suppose 7*l - 122 + v = 0. Calculate z(l).
-6
Let k(s) be the third derivative of -s**4/24 + 2*s**3/3 - 25*s**2 - 3. Let l be ((-4)/3)/((-2)/3). Suppose l*g = g. Calculate k(g).
4
Let c(p) = 1 - 2 - p**2 + p**3 - 11*p**2 - 7 + 4*p**2 - p. Let t = -6 - -14. Give c(t).
-16
Let q(s) = s**3 - 10*s**2 + 2*s + 10. Let p(g) = g**3 - 9*g**2 + 2*g + 9. Let w(c) = -3*p(c) + 2*q(c). Determine w(6).
17
Let i(w) be the first derivative of -w**3/3 - 3*w**2 + 4*w + 1. Suppose -2*g + 0*g + 31 = 5*a, 3*g = 3*a + 78. Suppose g = -2*t + 13. Calculate i(t).
9
Let w(f) be the first derivative of 3*f**4/4 - 2*f**3/3 - f**2/2 - 6*f - 6. Let l(b) = -b**3 - b**2 - b + 1. Let u(v) = -2*l(v) - w(v). Give u(5).
-6
Suppose -42*o + 6*o = 36. Let w(b) = 2*b**2 - b - 1. Calculate w(o).
2
Suppose -1 = 2*a + 1. Let z(i) = -i + 18. Let o(m) = 9. Let u(t) = 2*o(t) - z(t). What is u(a)?
-1
Let j(o) = o**3 + 12*o**2 - 6*o + 7. Let g(i) = 5*i**3 + 62*i**2 - 29*i + 35. Let z(p) = 2*g(p) - 11*j(p). Calculate z(-9).
2
Let p(w) = -5*w - 2*w**2 + 2*w + w + 2 + w**3.